s the thousands digit of 31851?
1
What is the units digit of 3659673?
3
What is the hundred thousands digit of 521280?
5
What is the hundred thousands digit of 559952?
5
What is the millions digit of 8741579?
8
What is the thousands digit of 1044044?
4
What is the ten thousands digit of 19446249?
4
What is the units digit of 222147?
7
What is the ten thousands digit of 242757?
4
What is the units digit of 676268?
8
What is the hundreds digit of 2039658?
6
What is the ten thousands digit of 2022837?
2
What is the hundred thousands digit of 956702?
9
What is the hundreds digit of 202205?
2
What is the ten thousands digit of 2174887?
7
What is the hundreds digit of 85430?
4
What is the tens digit of 27076191?
9
What is the thousands digit of 9613175?
3
What is the thousands digit of 688674?
8
What is the hundred thousands digit of 10900983?
9
What is the hundreds digit of 20093789?
7
What is the tens digit of 454049?
4
What is the units digit of 2753296?
6
What is the ten thousands digit of 26340?
2
What is the thousands digit of 8427023?
7
What is the tens digit of 1569720?
2
What is the hundreds digit of 16150469?
4
What is the units digit of 10766197?
7
What is the tens digit of 303177?
7
What is the ten thousands digit of 1211755?
1
What is the thousands digit of 19243814?
3
What is the hundreds digit of 326478?
4
What is the ten thousands digit of 5082016?
8
What is the millions digit of 10682599?
0
What is the tens digit of 104489?
8
What is the tens digit of 2576917?
1
What is the thousands digit of 17184593?
4
What is the ten thousands digit of 2757168?
5
What is the thousands digit of 2792344?
2
What is the tens digit of 442671?
7
What is the ten thousands digit of 4206666?
0
What is the millions digit of 2424952?
2
What is the millions digit of 11240396?
1
What is the thousands digit of 195691?
5
What is the units digit of 11088129?
9
What is the millions digit of 9303290?
9
What is the hundred thousands digit of 9495244?
4
What is the thousands digit of 488189?
8
What is the units digit of 450499?
9
What is the ten thousands digit of 1169709?
6
What is the hundreds digit of 5729164?
1
What is the units digit of 1245906?
6
What is the tens digit of 2289636?
3
What is the ten thousands digit of 470084?
7
What is the tens digit of 316607?
0
What is the hundreds digit of 5201943?
9
What is the ten thousands digit of 36490?
3
What is the thousands digit of 62967?
2
What is the tens digit of 900147?
4
What is the units digit of 314412?
2
What is the units digit of 4685007?
7
What is the hundreds digit of 235612?
6
What is the units digit of 629523?
3
What is the hundreds digit of 208223?
2
What is the hundred thousands digit of 2147004?
1
What is the ten thousands digit of 1311752?
1
What is the ten thousands digit of 149896?
4
What is the hundred thousands digit of 2671229?
6
What is the hundreds digit of 656752?
7
What is the hundred thousands digit of 19553786?
5
What is the tens digit of 8723?
2
What is the ten thousands digit of 6326436?
2
What is the ten millions digit of 30951329?
3
What is the hundred thousands digit of 6846673?
8
What is the hundred thousands digit of 3516105?
5
What is the millions digit of 6760323?
6
What is the ten thousands digit of 4479643?
7
What is the hundred thousands digit of 9324429?
3
What is the units digit of 17036939?
9
What is the millions digit of 1536973?
1
What is the hundred thousands digit of 265819?
2
What is the units digit of 70543?
3
What is the units digit of 48623?
3
What is the hundreds digit of 322498?
4
What is the tens digit of 502111?
1
What is the hundreds digit of 361797?
7
What is the hundred thousands digit of 11743181?
7
What is the hundred thousands digit of 9115018?
1
What is the millions digit of 7553122?
7
What is the tens digit of 301415?
1
What is the units digit of 740264?
4
What is the hundreds digit of 6417847?
8
What is the ten thousands digit of 200611?
0
What is the ten thousands digit of 971656?
7
What is the thousands digit of 1754968?
4
What is the hundred thousands digit of 1674749?
6
What is the hundreds digit of 972945?
9
What is the tens digit of 17035?
3
What is the thousands digit of 219693?
9
What is the units digit of 256018?
8
What is the hundreds digit of 1254241?
2
What is the thousands digit of 384065?
4
What is the tens digit of 3814012?
1
What is the tens digit of 245?
4
What is the hundred thousands digit of 16232660?
2
What is the tens digit of 6048432?
3
What is the ten thousands digit of 563524?
6
What is the millions digit of 11606034?
1
What is the units digit of 9419517?
7
What is the thousands digit of 1370823?
0
What is the thousands digit of 39357?
9
What is the tens digit of 751132?
3
What is the tens digit of 32705044?
4
What is the hundred thousands digit of 872340?
8
What is the hundred thousands digit of 8743853?
7
What is the millions digit of 29689891?
9
What is the tens digit of 2819888?
8
What is the thousands digit of 2901184?
1
What is the thousands digit of 89663?
9
What is the units digit of 3480988?
8
What is the thousands digit of 475287?
5
What is the hundreds digit of 867976?
9
What is the ten thousands digit of 3491023?
9
What is the hundreds digit of 5626269?
2
What is the ten thousands digit of 4871207?
7
What is the hundreds digit of 160313?
3
What is the tens digit of 1589258?
5
What is the hundred thousands digit of 2138684?
1
What is the hundreds digit of 164247?
2
What is the units digit of 16552436?
6
What is the hundreds digit of 391565?
5
What is the ten thousands digit of 149597?
4
What is the tens digit of 15460?
6
What is the hundreds digit of 136686?
6
What is the tens digit of 1100859?
5
What is the tens digit of 1223963?
6
What is the tens digit of 493878?
7
What is the millions digit of 21543448?
1
What is the units digit of 4388045?
5
What is the ten millions digit of 25011715?
2
What is the thousands digit of 318021?
8
What is the units digit of 443479?
9
What is the hundreds digit of 2587844?
8
What is the hundred thousands digit of 7979692?
9
What is the hundreds digit of 10322947?
9
What is the units digit of 391573?
3
What is the units digit of 4400?
0
What is the units digit of 267084?
4
What is the hundreds digit of 1883132?
1
What is the hundreds digit of 573078?
0
What is the tens digit of 440173?
7
What is the hundreds digit of 1055596?
5
What is the units digit of 2104839?
9
What is the units digit of 13068441?
1
What is the tens digit of 13575?
7
What is the ten thousands digit of 139785?
3
What is the hundreds digit of 361968?
9
What is the hundreds digit of 11286875?
8
What is the hundred thousands digit of 491775?
4
What is the tens digit of 67411?
1
What is the hundred thousands digit of 253464?
2
What is the units digit of 812657?
7
What is the hundreds digit of 17597242?
2
What is the units digit of 25027079?
9
What is the millions digit of 3404182?
3
What is the thousands digit of 9592096?
2
What is the units digit of 147951?
1
What is the units digit of 9334?
4
What is the units digit of 749597?
7
What is the ten thousands digit of 11956859?
5
What is the units digit of 10886635?
5
What is the hundreds digit of 240086?
0
What is the ten thousands digit of 7042469?
4
What is the hundreds digit of 224353?
3
What is the hundreds digit of 303169?
1
What is the hundreds digit of 7375945?
9
What is the units digit of 431897?
7
What is the tens digit of 1982232?
3
What is the millions digit of 2339882?
2
What is the hundred thousands digit of 7502709?
5
What is the tens digit of 293925?
2
What is the tens digit of 1704794?
9
What is the tens digit of 327312?
1
What is the units digit of 13069312?
2
What is the ten thousands digit of 3704409?
0
What is the ten thousands digit of 877834?
7
What is the hundred thousands digit of 561759?
5
What is the ten thousands digit of 1474132?
7
What is the hundreds digit of 191778?
7
What is the ten thousands digit of 11853531?
5
What is the thousands digit of 15388520?
8
What is the hundreds digit of 23337941?
9
What is the thousands digit of 211495?
1
What is the hundred thousands digit of 141427?
1
What is the hundreds digit of 1679392?
3
What is the ten thousands digit of 244525?
4
What is the hundreds digit of 309139?
1
What is the ten thousands d